 prime factors of 400353857?
641, 624577
What are the prime factors of 121771690?
2, 5, 569, 21401
List the prime factors of 35748318.
2, 3, 61, 97673
List the prime factors of 81381482.
2, 7, 13, 17, 29, 907
What are the prime factors of 431186230?
2, 5, 43118623
List the prime factors of 7002133027.
29, 113, 227, 9413
List the prime factors of 34945876.
2, 7, 457, 2731
List the prime factors of 804374526.
2, 3, 4729, 28349
What are the prime factors of 642333273?
3, 353, 409, 1483
What are the prime factors of 152735719?
59, 1103, 2347
List the prime factors of 22334487.
3, 7, 1063547
List the prime factors of 2863146323.
599, 4779877
List the prime factors of 80464702.
2, 3793, 10607
List the prime factors of 392118649.
13, 30162973
What are the prime factors of 1774660173?
3, 11, 13, 19, 19793
List the prime factors of 170476584.
2, 3, 151, 47041
What are the prime factors of 883293209?
883293209
List the prime factors of 198069605.
5, 39613921
List the prime factors of 189398759.
11, 139, 11261
What are the prime factors of 1529627004?
2, 3, 2003, 2357
List the prime factors of 1549933995.
3, 5, 103328933
What are the prime factors of 49001736?
2, 3, 7, 291677
List the prime factors of 76121177.
11, 397, 17431
List the prime factors of 1058703801.
3, 352901267
List the prime factors of 956822790.
2, 3, 5, 7, 11, 414209
List the prime factors of 26577159.
3, 7, 180797
List the prime factors of 1631100.
2, 3, 5, 5437
List the prime factors of 2659682666.
2, 2731, 486943
What are the prime factors of 4235331933?
3, 7, 19, 59, 59971
What are the prime factors of 15170634?
2, 3, 842813
List the prime factors of 198228651.
3, 23, 83, 34613
What are the prime factors of 84290669?
19, 4436351
List the prime factors of 1464784970.
2, 5, 11, 829, 16063
List the prime factors of 50734546.
2, 4973, 5101
List the prime factors of 204520777.
6673, 30649
List the prime factors of 130345945.
5, 23, 149, 7607
What are the prime factors of 35103473?
157, 223589
List the prime factors of 50811550.
2, 5, 1016231
What are the prime factors of 451815825?
3, 5, 1459, 4129
List the prime factors of 27559384.
2, 89, 38707
What are the prime factors of 1099136845?
5, 219827369
What are the prime factors of 43961418?
2, 3, 23, 106187
What are the prime factors of 26931032?
2, 757, 4447
What are the prime factors of 4519299623?
4519299623
What are the prime factors of 31841235?
3, 5, 163, 1447
What are the prime factors of 27244401?
3, 9081467
What are the prime factors of 268564491?
3, 13, 23, 853
What are the prime factors of 1587336621?
3, 13, 2339, 17401
List the prime factors of 35812826.
2, 7, 71, 5147
What are the prime factors of 759984?
2, 3, 71, 223
List the prime factors of 106209118.
2, 4051, 13109
What are the prime factors of 41833544?
2, 29, 180317
What are the prime factors of 420544443?
3, 11, 23, 554077
List the prime factors of 203581719.
3, 11, 2056381
What are the prime factors of 1410650386?
2, 47, 79, 189961
List the prime factors of 4317605977.
23, 187721999
What are the prime factors of 327677717?
5297, 61861
What are the prime factors of 1400628279?
3, 337, 1385389
List the prime factors of 326572662.
2, 3, 13, 31, 135059
What are the prime factors of 1294163269?
7, 431, 428957
List the prime factors of 235700428.
2, 58925107
List the prime factors of 1365248607.
3, 37, 157, 78341
List the prime factors of 337809529.
14747, 22907
What are the prime factors of 589252735?
5, 739, 159473
List the prime factors of 92905387.
109, 677, 1259
What are the prime factors of 24733321?
24733321
List the prime factors of 303032232.
2, 3, 139, 10093
List the prime factors of 475785280.
2, 5, 1486829
What are the prime factors of 4762733204?
2, 223, 5339387
What are the prime factors of 133876680?
2, 3, 5, 7, 47, 3391
What are the prime factors of 1126871523?
3, 125207947
What are the prime factors of 466189372?
2, 11, 97, 109229
What are the prime factors of 76100230?
2, 5, 167, 45569
What are the prime factors of 213570749?
7, 31, 173, 5689
What are the prime factors of 8496043?
29, 379, 773
List the prime factors of 480709224.
2, 3, 127, 52571
List the prime factors of 304291306.
2, 11, 43, 321661
List the prime factors of 40050456.
2, 3, 67, 24907
List the prime factors of 716619095.
5, 31, 53, 83, 1051
What are the prime factors of 555955604?
2, 349, 398249
List the prime factors of 2110426736.
2, 11, 151, 79411
List the prime factors of 2578109.
2578109
What are the prime factors of 18541691?
7, 2648813
What are the prime factors of 45157526?
2, 22578763
What are the prime factors of 21489885?
3, 5, 477553
What are the prime factors of 31673551?
7, 13, 19, 2617
What are the prime factors of 16264474?
2, 1619, 5023
What are the prime factors of 818092702?
2, 7, 59, 859, 1153
List the prime factors of 889841510.
2, 5, 29, 3068419
What are the prime factors of 434744737?
7, 62106391
What are the prime factors of 651710887?
19, 4001, 8573
What are the prime factors of 5415164774?
2, 3931, 688777
List the prime factors of 1560512331.
3, 7, 17, 463, 1049
What are the prime factors of 2998992182?
2, 1499496091
List the prime factors of 1191200.
2, 5, 1489
List the prime factors of 2044400516.
2, 37, 13813517
What are the prime factors of 233280401?
53, 4401517
List the prime factors of 226081990.
2, 5, 3221, 7019
List the prime factors of 90069645.
3, 5, 233, 25771
What are the prime factors of 102351822?
2, 3, 19, 271, 3313
List the prime factors of 375750379.
23, 83, 196831
What are the prime factors of 8035094521?
53, 61, 229, 10853
List the prime factors of 39898598.
2, 83, 240353
What are the prime factors of 113074111?
19, 5951269
What are the prime factors of 2208746075?
5, 88349843
What are the prime factors of 938122723?
113, 1877, 4423
List the prime factors of 43186868.
2, 17, 167, 3803
List the prime factors of 35263331.
37, 757, 1259
List the prime factors of 103432319.
103432319
List the prime factors of 206431471.
206431471
List the prime factors of 1569034769.
23, 68218903
List the prime factors of 277156656.
2, 3, 7, 274957
What are the prime factors of 156713843?
11, 13, 19, 57679
What are the prime factors of 2220251778?
2, 3, 23, 223, 24049
List the prime factors of 253534852.
2, 63383713
What are the prime factors of 502964848?
2, 1327, 23689
List the prime factors of 1594360913.
25183, 63311
List the prime factors of 23383581.
3, 13, 47, 12757
List the prime factors of 382229311.
131, 2917781
List the prime factors of 395077456.
2, 24692341
List the prime factors of 28125449.
11, 727, 3517
What are the prime factors of 122658752?
2, 1916543
List the prime factors of 1174292419.
79, 127, 117043
What are the prime factors of 753569158?
2, 37, 53, 271, 709
What are the prime factors of 4399864?
2, 7, 78569
What are the prime factors of 35670104?
2, 271, 16453
What are the prime factors of 318915655?
5, 63783131
What are the prime factors of 2754117083?
23, 119744221
List the prime factors of 2937572287.
13, 6553, 34483
What are the prime factors of 62514943?
23, 2718041
List the prime factors of 558881198.
2, 167, 1673297
List the prime factors of 2614806717.
3, 163, 1523, 3511
What are the prime factors of 1571689889?
7, 11, 23, 887459
What are the prime factors of 80774761?
80774761
List the prime factors of 45365946.
2, 3, 43, 175837
What are the prime factors of 23211565?
5, 13, 103, 3467
List the prime factors of 92630334.
2, 3, 1109, 13921
List the prime factors of 812721309.
3, 71, 83, 45971
What are the prime factors of 426956001?
3, 41, 107, 32441
What are the prime factors of 4292373967?
7, 83, 733, 10079
List the prime factors of 562231405.
5, 7523, 14947
What are the prime factors of 1403115717?
3, 61, 107, 131, 547
What are the prime factors of 52146021?
3, 17, 71, 14401
What are the prime factors of 218095806?
2, 3, 1381, 26321
List the prime factors of 1278980799.
3, 426326933
List the prime factors of 647151996.
2, 3, 83, 649751
What are the prime factors of 136942142?
2, 53, 1291907
What are the prime factors of 662215086?
2, 3, 13, 199, 14221
List the prime factors of 2448445346.
2, 53, 23098541
List the prime factors of 4957323427.
7, 199, 3558739
List the prime factors of 81332490.
2, 3, 5, 173, 15671
List the pr